{"id":30187,"date":"2021-05-06T09:18:35","date_gmt":"2021-05-06T07:18:35","guid":{"rendered":"https:\/\/stufvenas.se\/behandlingar\/lashlift\/"},"modified":"2025-04-14T21:42:55","modified_gmt":"2025-04-14T19:42:55","slug":"lashlift","status":"publish","type":"behandlingar","link":"https:\/\/stufvenas.se\/da\/behandlingar\/lashlift\/","title":{"rendered":"LashLift"},"content":{"rendered":"\n<p>LashLift med keratinbehandling er en fantastisk behandling, hvor vi permanent bukker dine naturlige vipper. Resultatet bliver naturligt og fremh\u00e6ver dine \u00f8jne. Er du m\u00e5ske tr\u00e6t af at l\u00e6gge mascara hver dag? S\u00e5 er denne behandling perfekt for dig. Behandlingen inkluderer farvning af vipper.<\/p>\n\n<p>Keratinen tilf\u00f8rer antioxidanter, mineraler, n\u00e6ring og fugt, som styrker vipperne, g\u00f8r h\u00e5rene fyldigere og st\u00e6rkere og hj\u00e6lper dem med at vokse hurtigere.<\/p>\n\n<p>Et LashLift holder cirka 6\u20138 uger, afh\u00e6ngigt af hvor hurtigt dine naturlige v\u00e6kstcyklus fungerer. Vi sender en plejevejledning med, s\u00e5 du f\u00e5r god information om, hvordan du bevarer dine vipper smukke.<\/p>\n\n<p>Vi bruger et m\u00e6rke, der hedder By Bexter. Professionelle produkter af Elisabeth Bexter, som er f\u00f8rende inden for LashLift &amp; BrowLift. Produkterne er ikke testet p\u00e5 dyr og er b\u00e5de \u00f8kologiske og veganske.<\/p>\n\n<p><em>Ting at t\u00e6nke p\u00e5 f\u00f8r behandlingen. Det er ikke passende at farve vipper og bryn i forbindelse med eksem. Bruger du kontaktlinser, skal du kunne tage dem ud inden behandlingen ved farvning af vipper.<\/em><\/p>\n","protected":false},"featured_media":30188,"template":"","behandlingskategori":[228],"class_list":["post-30187","behandlingar","type-behandlingar","status-publish","has-post-thumbnail","hentry","behandlingskategori-ojne"],"acf":[],"_links":{"self":[{"href":"https:\/\/stufvenas.se\/da\/wp-json\/wp\/v2\/behandlingar\/30187","targetHints":{"allow":["GET"]}}],"collection":[{"href":"https:\/\/stufvenas.se\/da\/wp-json\/wp\/v2\/behandlingar"}],"about":[{"href":"https:\/\/stufvenas.se\/da\/wp-json\/wp\/v2\/types\/behandlingar"}],"version-history":[{"count":0,"href":"https:\/\/stufvenas.se\/da\/wp-json\/wp\/v2\/behandlingar\/30187\/revisions"}],"wp:featuredmedia":[{"embeddable":true,"href":"https:\/\/stufvenas.se\/da\/wp-json\/wp\/v2\/media\/30188"}],"wp:attachment":[{"href":"https:\/\/stufvenas.se\/da\/wp-json\/wp\/v2\/media?parent=30187"}],"wp:term":[{"taxonomy":"behandlingskategori","embeddable":true,"href":"https:\/\/stufvenas.se\/da\/wp-json\/wp\/v2\/behandlingskategori?post=30187"}],"curies":[{"name":"wp","href":"https:\/\/api.w.org\/{rel}","templated":true}]}}

<p>LashLift med keratinbehandling er en fantastisk behandling, hvor vi permanent bukker dine naturlige vipper. Resultatet bliver naturligt og fremhæver dine øjne. Er du måske træt af at lægge mascara hver dag? Så er denne behandling perfekt for dig. Behandlingen inkluderer farvning af vipper.</p>

<p>Keratinen tilfører antioxidanter, mineraler, næring og fugt, som styrker vipperne, gør hårene fyldigere og stærkere og hjælper dem med at vokse hurtigere.</p>

<p>Et LashLift holder cirka 6–8 uger, afhængigt af hvor hurtigt dine naturlige vækstcyklus fungerer. Vi sender en plejevejledning med, så du får god information om, hvordan du bevarer dine vipper smukke.</p>

<p>Vi bruger et mærke, der hedder By Bexter. Professionelle produkter af Elisabeth Bexter, som er førende inden for LashLift &amp; BrowLift. Produkterne er ikke testet på dyr og er både økologiske og veganske.</p>

<p><em>Ting at tænke på før behandlingen. Det er ikke passende at farve vipper og bryn i forbindelse med eksem. Bruger du kontaktlinser, skal du kunne tage dem ud inden behandlingen ved farvning af vipper.</em></p>
